culate (5 + -1 - 3) + 4.
5
(0 - 1) + (-2 + 6 - 3)
0
What is the value of (17 - 18) + 4 + -2?
1
What is -1 + -1 + 4 + -1?
1
Evaluate -1 - (-4 + 0 + 3) - 1.
-1
Calculate (4 - 13) + 4 - -7.
2
(1 - -3) + (-4 - (3 + -3))
0
-3 - (7 + -6) - -4
0
Calculate 2 + (3 - -6) + 23 + -31.
3
What is (25 - 20) + 2 + -14 + -1?
-8
What is 4 + (1 - 9) - -1?
-3
Calculate -5 + (4 - 0) + -2 + 7.
4
Calculate -21 + (-4 - -21) - (0 - 2).
-2
What is the value of 1 + -5 + 1 + 2?
-1
Evaluate -41 - -38 - (-4 - (-1 + 1)).
1
What is -133 + 133 + -3 + -1?
-4
What is the value of (-17 - -11) + (4 - (2 - 2))?
-2
What is the value of 1 + 12 + -15 - 6?
-8
Calculate (1 - -7) + 8 + -21.
-5
What is the value of -3 - (-1 - (-1 - -3) - 4)?
4
Calculate 3 - (-4 - -6 - -1).
0
-5 + 0 + 4 + -3 - -2
-2
What is (-9 - -8) + 3 + 0 + -2?
0
What is -2 + -3 + (7 - (-3 - -3))?
2
Calculate 4 - 1 - (-7 + 13) - -2.
-1
What is 3 - 11 - (-6 - -2)?
-4
6 + -1 - (6 + 0 - 4)
3
Evaluate 13 + -4 + (-6 - -2).
5
Calculate -3 + 13 - (30 - 12).
-8
Evaluate 0 + (0 - (1 + 4 - 10)).
5
Calculate (3 + 0 - 1) + (-8 - -5).
-1
0 - (-1 - -1 - (5 - 8))
-3
What is the value of -3 + 15 + -4 + -4?
4
7 + (7 - 11) - 3
0
What is -1 + (1 + -3 + 3 - 1)?
-1
(-3 - (-1 - 5)) + -3 - -3
3
-2 + (2 - 4 - -3)
-1
Calculate (3 - 0) + (-39 - -40).
4
Evaluate (-2 - -1) + 2 - (-8 + 7).
2
Evaluate (7 - (5 + -1) - 7) + 4.
0
Evaluate 6 + -4 + 3 + -9.
-4
Evaluate -5 + (-8 - (-10 + -5)).
2
-5 + 3 - -1 - 0 - -2
1
Evaluate 5 - 6 - -2 - (-2 + 0).
3
What is the value of -9 - (-12 - (-7 - 6 - -8))?
-2
What is -1 + 1 + -3 - -6?
3
What is the value of -3 + (5 - 3) + 1 + 4?
4
2 - (-3 + 8 - (5 - 1))
1
Calculate -6 + (-2 - (9 + -7) - -21).
11
What is 3 + -1 - -5 - 1?
6
-3 - (2 + 1 + -2)
-4
What is the value of (16 - 7 - 4) + 0?
5
What is the value of (3 - -2 - 8) + 0?
-3
Evaluate 2 - (12 - 16) - (0 + 15).
-9
What is 6 + (-1 + (-4 - -3) - 0)?
4
0 - 1 - (-23 + (38 - 17))
1
Evaluate 1 - 10 - (0 - 4).
-5
10 + 7 + -14 + -1
2
What is the value of -1 + (2 - (-5 + 2 + 0))?
4
Evaluate 1 - (8 + -5 + -5).
3
7 + 5 + -9 - (-1 - -1)
3
1 + (-7 + 4 + 3 - -4)
5
Calculate (2 - (-3 + 11)) + 0 + 4.
-2
What is the value of 8 + (-10 - -1) + 3?
2
Calculate -3 + 4 - 4 - (12 - 8).
-7
What is the value of -3 - (2 - (10 + -3))?
2
What is the value of (-7 - 1) + 4 - (-7 + 5)?
-2
What is the value of -6 + 1 - (4 - 5)?
-4
4 - (-5 + 3 + (6 - 5))
5
What is 1 + 2 + -7 - -3?
-1
Calculate -8 - ((-12 - -7) + 3).
-6
-3 - (-18 + 4) - (2 + 3)
6
Calculate (-5 - (2 - 0)) + 5.
-2
Calculate 0 + -1 - (-8 + 3).
4
Calculate 6 - 2 - (10 + -12).
6
Calculate 0 + -3 + 6 + 2 + -2.
3
What is the value of -3 + 3 + (-2 - (-7 - -9))?
-4
Calculate (13 - (-2 - 4)) + -13.
6
What is the value of 7 + 2 - (6 - 2)?
5
(-1 - 1) + 14 + -10
2
Evaluate -97 + 105 - (18 + -2).
-8
-8 - (4 - (4 - -5)) - 6
-9
What is 4 - (8 + (6 - 12)) - 2?
0
Calculate 3 + -8 - -7 - (-1 - -7).
-4
Calculate 3 + 2 + (-2 - 6) - -1.
-2
Calculate 1 + (1 - (0 + -1)).
3
(2 - (0 + (-1 - -3))) + -1
-1
What is 3 - (0 - 0 - (23 - 23))?
3
What is 6 - (3 - (-1 - -1)) - 4?
-1
4 - (3 + 3 - 2)
0
What is the value of 13 - 10 - (5 - (-2 + 2))?
-2
What is the value of (3 - -1 - (10 + -1)) + 1?
-4
-5 + (0 - 1) + -3 + 8
-1
Calculate 5 - 2 - 3 - (5 - 3).
-2
What is -3 - 2 - -2 - 3?
-6
Calculate (2 + -7 - 7) + 9.
-3
-2 - -4 - ((-2 - 3) + 7)
0
Evaluate (11 - 7) + (-6 - 4).
-6
Evaluate 2 + (-10 - -8 - 8).
-8
Calculate (-5 - 4) + 4 - (-2 + -3).
0
2 + -6 + -3 + -3 + 6
-4
What is (-5 - 1) + (-13 - -25) + 0?
6
(-3 + 8 - 9) + (-2 - -10)
4
(-2 + -1 - -4) + -3
-2
Calculate -1 + 5 + (-6 - 0) + 0.
-2
What is the value of 0 - 1 - (-15 - -3 - -7)?
4
What is the value of 2 + -3 + 5 + (10 - 10)?
4
What is the value of 0 - 1 - (5 + -9)?
3
Calculate 0 - -4 - ((5 - 5) + 2).
2
What is 7 + -1 + 4 + -4 + -1?
5
What is the value of 3 - (-4 - -16 - (12 - 8))?
-5
What is 2 - (-6 - (5 + (-7 - 0)))?
6
Calculate -2 + -1 + 47 + -47.
-3
What is the value of 4 - 6 - 0 - (1 - 4)?
1
What is the value of -5 - (-17 - (-6 + -2))?
4
Calculate -4 - 0 - (-4 - (-6 + 2)).
-4
Calculate 0 - ((-4 - -8) + 2).
-6
What is (-11 - -6) + 9 - -5?
9
What is 10 + (-21 + 10 - -2)?
1
Evaluate (1 - 2) + 0 - (-216 + 221).
-6
Evaluate 8 + -15 - (-3 + 6 + -9).
-1
-6 - -11 - (3 - 1)
3
2 - -2 - (0 + 1)
3
(-3 - -1) + -2 + 8
4
3 - (-10 - -13 - -7)
-7
8 + (3 + -9 - -3)
5
What is the value of -1 - (-1 - (4 - 2))?
2
Calculate -8 + 14 - (3 - 2).
5
Evaluate -7 - ((-3 - -5) + -8).
-1
What is 1 + (-2 - -1) + 1 + 3?
4
-6 + (18 - (2 + 2))
8
Calculate 2 + (8 + -8 - 6).
-4
Calculate 10 + -1 + -4 - 1.
4
What is 2 + (-7 - -5 - -3)?
3
What is the value of (-1 + -1 - (-8 - -10)) + 4?
0
What is 1 + -9 - -11 - 3?
0
(-2 + 6 + -4 - -5) + -7
-2
6 + -7 + 3 + 3
5
Calculate 6 + (0 - ((-7 - -13) + -8)).
8
What is the value of -6 - ((-1 - 2) + 4 - 4)?
-3
What is 3 - (2 - -1 - (7 - 2))?
5
What is (-10 - -2) + (48 - 41)?
-1
Evaluate -5 + -10 - (22 + -28).
-9
Evaluate 0 + (4 - (1 - (-3 + 5))).
5
-1 + -2 + (-2 - (19 + -15))
-9
Evaluate 4 + -2 + -4 + -2 + 8.
4
Evaluate (-15 - -20 - (0 + 12)) + 2.
-5
Evaluate -3 - (-7 + 4 + 0).
0
What is -8 - (1 + -10 + 2)?
-1
What is -6 + (6 - (0 - -1))?
-1
What is 2 + 11 + -15 + 10?
8
1 - (6 + 0 + (-4 - -2))
-3
Evaluate (9 - 14) + (2 - 0) - 0.
-3
What is (-8 - 4) + 5 - 0?
-7
Calculate 52 + -53 - (-1 - -1 - 1).
0
What is the value of (-4 - (5 - 4)) + 12?
7
What is (3 - 2 - 3) + -2?
-4
(0 + 2 - -6) + -14
-6
Calculate 8 - (5 + (-4 - (-5 + 3))).
5
Evaluate 3 + 3 + (-22 - -8) + 19.
11
Calculate -1 + 2 - (11 - 6).
-4
Calculate 16 + -2 + -2 - 2.
10
(-45 - -45) + (-4 + 2 - -1)
-1
-13 + 2 + (13 - -1)
3
What is 3 + 2 + -4 + 1?
2
What is -3 + (6 - 4) - (3 - 1)?
-3
Evaluate -6 - -7 - (-1 - (1 + 1)).
4
What is the value of (-4 - -8) + -2 + 2?
4
Evaluate -3 + (18 - 8 - (-2 - -10)).
-1
Calculate (205 - 201) + (-4 - 1).
-1
Evaluate -14 + 2 + 13 + (1 - 0).
2
Calculate (-3 + 3 - -4) + -5.
-1
Calculate 4 + (3 - 0) - 6.
1
Evaluate (-3 - -1) + 5 - 4.
-1
Calculate (-2 - (3 + -4)) + 6.
5
What is 3 + -4 + 2 - 4 - -2?
-1
Evaluate 1 - ((-2 - -8) + -1) - -1.
-3
Evaluate (-2 - 0) + (11 - (13 - 14)).
10
Evaluate (-1 - -2) + (-2 - (-2 - 2)).
3
Calculate 1 - (-6 - -6 - 0).
1
Calculate 5 + -1 + 3 + -4.
3
Calculate (5 - 13) + 4 - (0 - -5).
-9
Calculate -26 + 33 + -9 - (1 + -1).
-2
Calculate 6 + (1 - 4) + -7.
-4
Evaluate 3 - 6 - (7 - 2).
-8
What is the value of (-5 + -1 - -3) + 2?
-1
Calculate -4 - 0 - (-7 - (-2 - -1)).
2
What is the value of -4 - (-3 + 1 + 3)?
-5
Evaluate 8 + -6 + 7 + -7.
2
Evaluate -21 + 23 - ((-2 - -4) + -5).
5
Evaluate (-1 - -4) + (9 - (20 + -5)).
-3
Calculate -6 + 6 + (-5 - 1) + -2.
-8
Calculate 5 - 2 - (2 + 0 - 0).
1
What is the value of 6 - (6 - -1 - (5 + -3))?
1
Evaluate 4 + (0 - 2) - (1 - 3).
4
What is the value of 38 + -43 + -3 + (2 - 1)?
-7
Evaluate -6 + -3 - (-3 - 2).
-4
What is -7 + 4 + 3 + 3?
3
What is the value of (7 + -5 - 3) + -13 + 6?
-8
What is the value of 0 - (3 + -6 + 2)?
1
What is (0 - (-6 + 8)) + -3?
-5
Calculate -5 - -2 - (-3 + 2).
-2
(3 - 12) + -3 - -5
-7
-5 - (1 - (3 + -1))
-4
Calculate 0 + (3 - (-3 + -1 + 4)).
3
What is the value of -1 - 1 - (2 + (13 - 13))?
-4
-3 + (3 - 1) + 1
0
What is the value of -4 - (-2 + -2 - -4)?
-4
(-8 - -4) + 11 + 2 + -4
5
Evaluate 10 + 3 + -4 + -14.
-5
Evaluate 0 - (-1 - (4 + -2)).
3
What is (-7 - (3 + 2 + -6)) + 9?
3
-4 + (7 - 5) - (8 - 16)
6
What is the value of 1 - (-2 - (-2 - (0 + 0)))?
1
Evaluate -6 + (-12 - 0 - -6 - -11).
-1
What is 2 + 2 + -1 - (-29 - -33)?
-1
What is the value of -10 + 3 + (-6 - -8)?
-5
What is the value of 7 - (2 - -4 - 3)?
4
2 + (1 - -3) + -4
2
Evaluate 3 + (0 - 3) + (9 - 4).
5
Evaluate -1 - (4 - (10 - 3)).
2
What is the value of 3 + 1 - (-7 + (9 - 2))?
4
What is -4 - (5 + (2 - 9))?
-2
Evaluate (-2 - 2) + 3 + -1.
-2
7 + 0 + (11 - 11 - 8)
-1
Calculate 5 + 1 - 1 - 1.
4
Evaluate -15 + 5 + 5 + 9.
4
Evaluate (-18 + 7 - -8) + -1.
-4
Calculate 5 + -1 + -3 + (3 - 0).
4
(-6 - (-1 - 2)) + (-5 - 1)
-9
What is 3 + -7 + -1 - (0 + -10)?
5
8 - (5 + 15 + -5)
-7
What is the value of 5 - ((-4 - -9) + -3)?
3
-6 + 1 - (-8 - -1)
2
Evaluate -5 - -5 - (-2 + 3 - 4).
3
What is the value of -206 + 202 + 0 + -3?
-7
Calculate 4 + -3 + 2 + 0.
3
Evaluate 0 - 2 - -3 - -2.
3
(8 - 7) + -4 + -4
-7
Evaluate -2 - (4 + -1 + 5 + -8).
-2
(5 - (18 + (-2 - 3))) + 5
-3
What is the value of 6 - (